 of j**3 + 17*j**2/2 + j + 3. Is i(q) composite?
True
Let d = 8948 - 3976. Suppose 0 = a + 3*h - 12563, 4*h = 2*a - 20174 - d. Is a prime?
True
Suppose -2*f = -3*c - 37162, 3*f = f - 4*c + 37190. Let q = f + 4910. Is q a composite number?
False
Let d = 57 + -43. Suppose 5*i - m = 34, i + 5*m - d = -2. Suppose 0 = -8*u + i*u + 573. Is u a composite number?
True
Let w = -337996 - -1249191. Is w a prime number?
False
Is (277/4)/((1350/(-12840))/(-45)) a prime number?
False
Let v = -8154 + 17863. Let g be ((-26)/8)/(8/(-32)). Suppose -g*x = -6*x - v. Is x a composite number?
True
Let k be 1336622/91 - ((-45)/(-39) + -1). Suppose 4*v - 9657 = x + k, 5 = -x. Is v prime?
False
Suppose a - 3 = -6. Let p be ((-48)/(-42))/(a/(-21)). Let f(v) = 35*v + 13. Is f(p) a composite number?
False
Let g = -4124 - -2891. Let z = 1874 + g. Is z prime?
True
Suppose -42686 - 61094 = -20*h. Let a = h + -3078. Is a a composite number?
False
Suppose 7256604 = 25*f + 99*f. Is f prime?
False
Let p(g) = -12*g**3 + 3*g**2 - 2*g - 9. Let s(c) = -c**3 - 8*c**2 + c + 4. Let v be s(-8). Let w be p(v). Suppose -5*q + 960 + w = 0. Is q a composite number?
True
Let o(m) = m**2 - 19*m + 51. Let j be o(16). Suppose -x = -5*x - 4, 5*g = j*x + 558. Let a = g - 58. Is a composite?
False
Let d(u) be the second derivative of -2889*u**5/20 - u**3/2 - 5*u**2/2 + 24*u. Is d(-2) composite?
True
Suppose -2*i = -2*h - 1357 + 109, 4*h = -4*i - 2528. Let z = h + -730. Is (3 + z/4)*-2 composite?
False
Let u(x) = 774*x**2 - x + 19. Suppose 779*j + 12 = 783*j. Is u(j) composite?
True
Suppose 38*h - 588832 = 459702. Is h prime?
False
Let u be -327*1/3*173. Let b = u - -27358. Is b a prime number?
True
Let l be 3*(-3 - -5 - 16/6). Let j(h) = -1 - 2*h + 4*h - 87*h**3 + h**2 - 264*h**3. Is j(l) a composite number?
True
Let l be (-3 - 57/(-15))*(27 - -3). Suppose 0 = 2*g + 14 - l. Suppose 3*p = -q + 1190, -3*q - g*p + 4*p + 3546 = 0. Is q a composite number?
False
Suppose 0 = 5*p - 2 - 3, p - 1 = 3*z. Let q be (-440)/(-132)*(1 + z + -4). Let a = q - -53. Is a a composite number?
False
Suppose -6 = -3*a, b + 4*a - 6*a = -6. Let q be -177*(1070/(-15) - b). Suppose h - q = -3*j, 2*h = 4*j - 3*h - 16369. Is j a prime number?
True
Let c be (-28)/(-12) - (-2)/(-8 - -2). Let s be -10*3/(-4)*c/3. Suppose 4*d - 480 - 1144 = -4*g, -s*d - 25 = 0. Is g a prime number?
False
Suppose -4*c + 763948 = 4*w, 2*w = -23 + 39. Is c prime?
True
Suppose 5*k - 4*c + 12 = 0, -26*c = -21*c + 10. Let i(z) = -480*z - 35. Let u(w) = 160*w + 12. Let b(g) = 3*i(g) + 8*u(g). Is b(k) a prime number?
True
Suppose -2*x = -4*x - 2*w - 8, -4*w = -x + 1. Is 4398 - ((-1)/(-5))/(x/15) a composite number?
True
Is 9 + -5 + -5 - -229064 composite?
True
Suppose 29*n - 168 = 22*n. Suppose -n*g + 36*g = 22812. Is g a composite number?
False
Let h(w) be the second derivative of 2165*w**4/12 - w**3 - 9*w**2/2 + 9*w + 4. Is h(-2) composite?
False
Suppose 2*n + 4*s + 182 = 0, -5*n = -s - s + 419. Let o = -34 - n. Suppose -z = 4*m - 57 - o, m + z - 30 = 0. Is m a prime number?
False
Let i(n) = 26566*n**2 - 44*n - 79. Is i(-2) prime?
True
Suppose -5*k - 7*k = -912. Suppose -80*g + k*g + 124 = 0. Suppose -g = -l + 114. Is l a composite number?
True
Let r(s) = -362*s + 9. Let a(z) = z**2 + 13*z + 15. Let d be a(-12). Let w be r(d). Is (1 + 1 + -3)*w prime?
False
Let p(d) = 9609*d + 191. Let i be p(16). Suppose -4517 = 18*h - i. Is h composite?
True
Suppose -16 = -4*d, -9*c = -10*c + d - 1. Suppose c*i + 10965 - 51468 = 0. Is i composite?
True
Let n(m) be the first derivative of 17*m**6/360 + 13*m**5/120 + m**4/24 - 26*m**3/3 + 20. Let b(f) be the third derivative of n(f). Is b(6) composite?
False
Let n be -6*((-7)/2)/(-7) + 7. Suppose -4*b - 4*x = n, 2*b - 21 = 5*x + 5. Suppose 1048 = -b*k + 4651. Is k composite?
False
Let t = -102105 - -143374. Is t composite?
False
Let l(v) = -v**3 + 18*v**2 + 41*v - 26. Let f be l(20). Is (51/f)/((-2)/236) a composite number?
True
Suppose 12 - 4 = -4*v. Let r be 101/(-3)*(10 - (-2)/v). Let h = 494 + r. Is h a prime number?
True
Is (-365223)/(-15) + 204/(-170) composite?
True
Let a(z) = 2*z - 23. Let w be a(11). Let y(s) = -s**3 + s**2 + 1. Let l(t) = 5*t**2 - t + 13. Let q(r) = w*l(r) + 2*y(r). Is q(-6) a composite number?
False
Suppose -v + x + 100738 = 0, 8*v - 3*v - 2*x = 503675. Is v prime?
True
Suppose 3*j = 15, -2*t = -3*j + 2*j - 53. Let a = t + 182. Is a a composite number?
False
Suppose -9*x = -80 - 100. Suppose 2*h - 4 = 2*t + 5*h, t - x = 4*h. Suppose -m = t, 4*s + 5*m - 8500 = 3*m. Is s a prime number?
False
Let h be (((-9)/(-45))/(3/25))/((-15)/(-108)). Let t(k) be the third derivative of 10*k**4/3 - 23*k**3/3 + k**2. Is t(h) a composite number?
True
Let t(b) be the third derivative of 1043*b**4/12 + 29*b**3/6 + 154*b**2. Is t(2) composite?
False
Suppose -39*z + 31*z + 40 = 0. Suppose -4*w - z*t = w - 57715, -w + 4*t = -11523. Is w a prime number?
False
Let k = -26 - -30. Let l(u) = u - 6. Let y be l(11). Suppose y = q, -3*q - 456 = w - k*w. Is w prime?
True
Let q(i) = i**2 - 7*i + 14. Suppose 3*w + 16 = -5*m + 3*m, 4*w = 4*m + 52. Let s be q(m). Suppose 6*b - 4*b - s = 0. Is b prime?
False
Let d be 25/20 + (-6)/(-8). Suppose -5*o + l = -435, -2*o + 160 = -d*l - 22. Is o a prime number?
False
Suppose 5 - 1 = 2*x. Suppose -n + x*n = 4. Suppose 0 = g - n, -2*g = -4*l + g + 3616. Is l a composite number?
False
Let v = -108 - -63. Let c be 0/(v/(-55) + (-4)/(-22)). Suppose -3*q - 12 = c, 4*y + 5*q + 4130 - 18154 = 0. Is y a composite number?
False
Let o = -3761 - -6471. Suppose 5*d + o = -2355. Let v = -600 - d. Is v a prime number?
False
Suppose -65134 = -609*u + 607*u. Is u composite?
True
Suppose -26*l + 48 = -30*l. Is 17562/l*-1*(2 + 0) a prime number?
True
Let k(p) = p - 14. Let m be k(11). Is 1/m - (-27440)/15 prime?
False
Let r(d) = 30*d**2 - 643. Is r(-33) prime?
True
Let b be 26/8 + (-18)/(-24). Suppose 0 = b*a - 11936 - 2700. Is a a composite number?
False
Let r be (5/3)/(-1 + (-16)/(-12)). Suppose -r*k + 5159 = 4*j, 4*j = -k + 6*k + 5169. Is j prime?
True
Let s(z) = z**3 - 11*z**2 - 14*z + 27. Let j be s(12). Is j/((-39)/(-2)) - 393680/(-247) a prime number?
False
Let d = 4380 + -2623. Is d composite?
True
Let z be 26/247 + (-1022)/(-38). Suppose 0 = 6*o - z - 141. Is 147/o - 5 - 435/(-4) prime?
True
Let j be (-7 + -75 - -1) + 9. Is (-211128)/j - (-4)/6 composite?
True
Let n(d) = 52*d**2 - 7*d - 8*d - 39*d**2 - 4 + 61*d**2. Let v(s) = -73*s**2 + 14*s + 5. Let f(b) = -2*n(b) - 3*v(b). Is f(8) a composite number?
False
Suppose 2*m = 2*r - 95126, r = -4*m - 4*r - 190234. Let i = m + 79758. Is i prime?
False
Suppose 3*n + 4*g - 2344361 = 0, -n + 526142 + 255328 = -g. Is n composite?
True
Is (-13)/(-2)*309564894/6513 a composite number?
True
Suppose -5*f + 10*f - 537539 = 2*i, -2*f = -5*i - 215024. Is f composite?
False
Let m = -102254 - -325921. Is m a composite number?
False
Suppose 0*b - 2*b = -3498. Let d = b + -1012. Let h = -406 + d. Is h composite?
False
Let z(j) = -29*j - 156. Let w be z(16). Let k = w + 1611. Is k composite?
False
Suppose 404755 = 6*k - 316463. Is k composite?
True
Let y = 314 + -281. Let h = y + 3793. Is h a prime number?
False
Let f(d) = d**3 - 12*d**2 - 33*d - 5. Let l be f(-10). Let j = l - -3821. Is (0 + -1 + 2)/(2/j) a prime number?
False
Let k(c) be the first derivative of 452*c**3/3 - c**2 + c - 35. Let g(t) = t - 1. Let w be g(2). Is k(w) a composite number?
True
Suppose 14*p = 7 + 21. Suppose -o + 3719 - 35897 = -4*j, 40229 = 5*j + p*o. Is j a composite number?
True
Suppose -2007 = 4*x + 4453. Let f = 5356 + x. Let y = f - 1802. Is y prime?
False
Suppose -4*u + 3740 + 800 = 0. Suppose 37 = 4*y - u. Is y a composite number?
False
Let g be (7 + -997)*(-1)/2. Let x = -299 - -73. Let n = g + x. Is n composite?
False
Is (-8 + 9 + 66)*(23 + 3770) a prime number?
False
Let x(s) = 78580*s**2 + 1. Is x(1) a composite number?
True
Let z(n) = -n**3 - 21*n**2 - 5*n - 103. Let q be z(-21). Let i = 3 - 0. Suppose -425 = 2*j - 4*p - 1775, 2001 = i*j + q*p. Is j a composite number?
True
Let z(b) = 27*b**2 + 7*b - 9. Suppose -3*h = 0, -2*s - h = -4*s. Suppose 0 = -8*w + 3*w - i - 28, 2*w + 4*i + 4 = s. Is z(w) composite?
True
Suppose -5*y - 329555 = -10*y + 712110. Is y a prime num